). Suppose 254 - 2 = x*u. Calculate the remainder when 165 is divided by u.
39
Let d = -5 + 19. Let r(f) = 3*f**3 - 2*f**3 - 15*f**2 + f**2 + 0 - 5 + 2*f. What is the remainder when r(d) is divided by 8?
7
Let w(y) = -y**3 - 14*y**2 + 37*y + 20. Let b(h) = h**3 - 9*h**2 - 16*h - 6. Let c be b(6). What is the remainder when w(-17) is divided by c/(-8) + (-3)/36*3?
24
Let p be 1530/25 + (-8)/(-10). Suppose -2*l - y = -l - p, 180 = 3*l - 3*y. Suppose -8*n = -l - 67. What is the remainder when 31 is divided by n?
15
Let w be -2*(-7)/63 - 215/(-45). Suppose 5*b + 2*a - 3471 = 0, -5*b - w*a + 2541 = -939. Calculate the remainder when b is divided by 29.
26
Let b(z) = -236*z**3 + 12*z**2 + 20*z + 9. Calculate the remainder when 1640 is divided by b(-1).
218
Let s = -112 - -113. Let v(z) = 52*z**2 + 4*z - 3. What is the remainder when v(s) is divided by 14?
11
Let f(x) = -49*x - 4018. What is the remainder when f(-89) is divided by 186?
157
Calculate the remainder when (-522)/(-8) + (-1)/4 is divided by (-83 - -85) + -2*-2*68/16 + 4.
19
Let c(b) = -2*b**3 - 6*b**2 - 7*b - 27. Let w be c(-5). What is the remainder when (-1 + 53)*(8 + w/(-16)) is divided by 14?
9
Let y be (-3486)/(-28) - ((-2)/(-4))/1. Suppose 7*n + y - 712 = 0. What is the remainder when 1594 is divided by n?
82
Let p = -5 + 3. Suppose -3*h + 115*c - 111*c + 99 = 0, h - 5*c - 77 = 0. What is the remainder when -2*(83/p - -1) is divided by h?
13
Let y(a) = 2*a + 27. Let j be y(-11). Suppose 14 + 1 = j*g, l - 11 = -2*g. What is the remainder when 2*l/(-10)*-27 is divided by 14?
13
Suppose -5*d = -45, 9124*r - 9125*r - 5*d + 7853 = 0. Calculate the remainder when r is divided by 10.
8
Let x = 274 - 260. Calculate the remainder when (4/x - 22599/868)*-8 is divided by 21.
17
Suppose 0 = -23*n + 110 + 281. Suppose -4*x = -3*d - n, -d - 6 = -x - 3. Suppose 0*j = 5*j - 185. What is the remainder when j is divided by x?
5
Suppose 2*k - 343 = -4*u + 2*u + 35, 0 = 4*u. What is the remainder when k is divided by 96?
93
Suppose 36*g - 97396 = -60*g + 28652. Calculate the remainder when g is divided by 134.
107
Let h = 262 + -120. Suppose -601 = -3*c + d - h, 0 = -c + 2*d + 153. Calculate the remainder when c is divided by 31.
29
Let k be 5*(1 - -211)/4. Suppose -5*t - 5*u = -k, 3 = u - 1. Let z = t + -31. What is the remainder when z is divided by 5?
3
Calculate the remainder when 5334/56 - (-6)/8 is divided by 1/(4/44 - 0).
8
Calculate the remainder when 5301316/812 - (-2)/7 is divided by 142.
139
Suppose -5*v + 56 = x, -2*v - v = -12. What is the remainder when x is divided by ((-10)/55)/(-3*(-6)/(-594))?
0
Let b be (196/16 + 4)/(3/(-24)). Let i = -124 - b. Calculate the remainder when 81 is divided by i.
3
Suppose 3*j + w = 192, -3*j - 2304 = -39*j + 5*w. Calculate the remainder when 1727 is divided by j.
63
Suppose -p - 3*k + 7*k = 3, 3*p - k - 2 = 0. Suppose c - 7 - 12 = 0. Calculate the remainder when c is divided by (1 + -4 - 0/p) + 5.
1
Let h be 20/24 - (-9)/54. Let u be (-1 + h)*(-2)/4*-2. Calculate the remainder when (161 - 2)/(1 - (0 + u)) is divided by 23.
21
Let a be 350/11 - (-22)/121. Suppose -28*i + a*i = 148. What is the remainder when 104 is divided by i?
30
Let m = -7539 - -8179. Calculate the remainder when m is divided by 24.
16
Let c = -3568 + 3588. What is the remainder when 5878 is divided by c?
18
What is the remainder when 291 is divided by 494/(-152)*(4 - 8)?
5
Suppose -2*g + 2*c + 22 = 2*g, -4*c = g + 17. Suppose -2*x + 50 = u + g*u, -x + 5*u = -46. Suppose -m + 20 = -72. What is the remainder when m is divided by x?
30
Suppose 1650 = 32*i - 110. Calculate the remainder when 90 is divided by i.
35
Let k = -15 - -29. Suppose -8*r + 11*r + 5*o = 18, k = r - o. Calculate the remainder when 52 is divided by r.
8
Suppose -46 = -4*y - 66. Calculate the remainder when 67 is divided by (-270)/y*12/18.
31
Let s(y) = -9*y. Let r be s(-13). Let l = r - 106. Suppose l*b - 510 = -6*b. Calculate the remainder when 118 is divided by b.
28
Suppose 0 = 60*x + 55*x - 31740. Let y = 34 + 6. Calculate the remainder when x is divided by y.
36
Let m(p) = 4*p + 28. Let j(g) = -g**2 + 7*g + 104. Let s be j(-6). What is the remainder when m(s) is divided by 34?
30
What is the remainder when (-4)/50 + (-2116)/(-1725)*168 is divided by 53?
47
Suppose -2782 = 33*j - 11263. Let x = j - 249. What is the remainder when 158 is divided by x?
6
Let k = 3328 + -3294. Calculate the remainder when 130 is divided by k.
28
Suppose -3*n + 80 = -64. Let c = n - 27. What is the remainder when 36/(-60) + (816/10 - 0) is divided by c?
18
Let z(k) = -14*k + 3. Calculate the remainder when 151 is divided by z(-1).
15
Suppose 78 - 26 = -k. Let b = 107 + k. What is the remainder when b is divided by 30?
25
Let x = 474 + -292. Let l = x - 166. What is the remainder when 120 is divided by l?
8
Let g = -4096 + 4275. Calculate the remainder when 181 is divided by g.
2
Let g(f) = 3*f + 26. Let v be g(-8). Suppose 5*b = 5*h - 990, 5*h = -4*b + v*b + 990. Let z = h - 137. Calculate the remainder when z is divided by 22.
17
Suppose 0*s - 120 = -5*s. Suppose 6 = 5*c + o, 4*c + o - 5*o = s. What is the remainder when 4 + 0 - (c - 15) is divided by 10?
7
Suppose 2423 = o - 4*h, -2*h + 2405 = 18*o - 17*o. What is the remainder when o is divided by 48?
11
Let y be -6 + (-4)/(-8)*182. Let k = y + 3. What is the remainder when k is divided by 23?
19
Suppose 236 = 2*h - m, 5*m - 1500 = -2*h - 1312. Calculate the remainder when h is divided by (-2)/3*(-366)/4.
53
Let u(h) = h - 1. Let t(a) = 6*a - 1. Let q(s) = t(s) - 3*u(s). Let z be q(0). Suppose z*o = -o + 9. What is the remainder when 8 is divided by o?
2
Suppose 49*s - 23*s = 23*s + 2013. Calculate the remainder when s is divided by 24.
23
Calculate the remainder when 819 is divided by -12*(-7)/(-147) - (-1472)/28.
39
What is the remainder when ((10 - 101) + -8)*20/(-6) is divided by 83?
81
Let j(o) = o**3 + 16*o**2 - 17*o + 5. Let i = 885 + -902. Suppose 3*t - 27 = 5*z, 3 = t - 4*z + 1. Calculate the remainder when t is divided by j(i).
4
Let g = -25 - -86. Suppose 0*r + r + 4*f = -20, -r - 5 = f. Suppose -5*d - 3*a + r*a = -114, 2*d = 2*a + 36. What is the remainder when g is divided by d?
19
Let k(f) = 540*f + 5416. What is the remainder when k(-7) is divided by 32?
4
Let g(z) = z**3 - 4*z + 2. Let s be g(2). Suppose -1 = -3*x + x + 3*f, -s*x - 3*f - 5 = 0. Calculate the remainder when 81 is divided by x*(-6)/8 + 436/16.
25
Suppose 49 - 17 = 4*z. Suppose 34*m - 1323 - 859 = 2102. What is the remainder when m is divided by z?
6
Suppose -5*d = 10, -2*o + 6 = -d - 62. Let w(c) = 11 + 24 + 1926*c - 1914*c. Calculate the remainder when w(8) is divided by o.
32
Let a(b) = 21*b**2 + 61*b - 681. What is the remainder when a(9) is divided by 68?
5
Let u = -12 + 11. Let d = -3 + 12. What is the remainder when (115 + -16)*(u/(-3))/1 is divided by d?
6
Suppose 5*b - 2*n + 1 = 47, -5*n - 55 = -5*b. Let u(z) = -50 - 2*z + 3*z**2 + 40 - 2*z**2 - 3*z. What is the remainder when 26 is divided by u(b)?
12
Suppose 5*a + 0*q - 7471 = -q, 2*a = 4*q + 2984. Suppose -8*c - 214 = -a. Suppose 5*m - 40 = c. Calculate the remainder when m is divided by 21.
19
Let l(x) = -x**3 + 7*x**2 - 3*x + 7. Let d be l(5). Let v = d - 34. Suppose -18 - 1 = -b. Calculate the remainder when b is divided by v.
3
Calculate the remainder when 30893 is divided by 29/((-9802)/(-19344)) + 3/(-13).
56
Suppose -5*p + 4*z + 16 = 0, 0 = p + 2*z - 6*z. What is the remainder when (p + 524)/4 + -2 is divided by 30?
10
Suppose -145*g + 173*g - 13496 = 0. Calculate the remainder when g is divided by 7.
6
Suppose 25 - 83 = -4*h + 2*d, -4*d + 27 = 3*h. Suppose -3*z + 5*z - 178 = 0. Calculate the remainder when -2*(-3)/6*z is divided by h.
11
Suppose -12*c - 20*p - 5090 = -17*c, -5*c - 4*p = -5138. Calculate the remainder when c is divided by 85.
6
Let k be 2/(-10) + 22/10. Suppose k*z - 30 = -4*n, n = -5*z - n + 67. Calculate the remainder when z is divided by 128/(-160)*(-15)/2.
1
Suppose -78*m + 3399 = 357. What is the remainder when 1244 is divided by m?
35
Suppose -4*a + 20 = 0, -3*a - 3 = -f - 2. Calculate the remainder when -1 + 3 + f/2 - -3 is divided by 4.
1
Suppose -13*h - 28 = -54. Suppose -70 = -h*d + 44. What is the r